{"id":2752,"date":"2023-02-02T10:43:02","date_gmt":"2023-02-02T09:43:02","guid":{"rendered":"https:\/\/www.datastore-3.com\/netvox-courtier-2\/?page_id=2752"},"modified":"2023-03-07T14:17:46","modified_gmt":"2023-03-07T13:17:46","slug":"reclamations","status":"publish","type":"page","link":"http:\/\/www.datastore-3.com\/netvox-courtier-2\/reclamations\/","title":{"rendered":"R\u00e9clamations"},"content":{"rendered":"<p>[vc_row full_width=\u00a0\u00bbstretch_row\u00a0\u00bb custom_svg_color=\u00a0\u00bb#ffffff\u00a0\u00bb el_class=\u00a0\u00bbsgnx-page-header\u00a0\u00bb css=\u00a0\u00bb.vc_custom_1604589210698{background-image: url(http:\/\/www.datastore-3.com\/netvox-courtier-2\/wp-content\/uploads\/2020\/09\/header-contact.jpg?id=387) !important;background-position: center !important;background-repeat: no-repeat !important;background-size: cover !important;}\u00a0\u00bb][vc_column][vc_custom_heading source=\u00a0\u00bbpost_title\u00a0\u00bb font_container=\u00a0\u00bbtag:h1|text_align:left|color:%23ffffff\u00a0\u00bb use_theme_fonts=\u00a0\u00bbyes\u00a0\u00bb el_class=\u00a0\u00bbsgnx-ttu\u00a0\u00bb][\/vc_column][\/vc_row][vc_row full_width=\u00a0\u00bbstretch_row\u00a0\u00bb custom_svg_color=\u00a0\u00bb#efefef\u00a0\u00bb][vc_column][sgnx_breadcrumb el_class=\u00a0\u00bbsgnx-breadcrumb-mneg\u00a0\u00bb][sgnx_spacer spacer_size=\u00a0\u00bbsgnx-spacer&#8211;md\u00a0\u00bb][vc_column_text]<\/p>\n<h2>Vous souhaitez faire une r\u00e9clamation ?<br \/>\nVoici la marche \u00e0 suivre\u2026<\/h2>\n<h3 class=\"text-color-primary\">Vous avez une question relative \u00e0 votre contrat ?<\/h3>\n<p><strong>Contactez le Service Production Souscription :<\/strong><br \/>\nT\u00e9l. : 01 76 29 76 30<br \/>\nDu lundi au vendredi de 9h \u00e0 12h et de 14h \u00e0 18h<\/p>\n<h3 class=\"text-color-primary\">Vous avez une question relative \u00e0 votre sinistre ?<\/h3>\n<p><strong>Contactez le Service Indemnisation Sinistre :<\/strong><br \/>\nT\u00e9l. : 01 76 29 76 31<br \/>\nLe lundi de 14h \u00e0 18h,<br \/>\nDu mardi au vendredi de 9h \u00e0 12h et de 14h \u00e0 18h<\/p>\n<p>Une r\u00e9clamation se d\u00e9finit comme l\u2019expression d\u2019un m\u00e9contentement, d\u2019une insatisfaction, fond\u00e9(s) ou non d\u2019un client envers un professionnel quel que soit l\u2019interlocuteur ou le service aupr\u00e8s duquel elle est formul\u00e9e.<\/p>\n<p>Pour les r\u00e9clamations formul\u00e9es \u00e0 l\u2019oral (t\u00e9l\u00e9phone \/ lieu d\u2019accueil) ou sur un support \u00e9crit non durable (messagerie instantan\u00e9e) pour lesquelles il ne peut \u00eatre donn\u00e9 imm\u00e9diatement enti\u00e8re satisfaction, votre interlocuteur Plan\u00e8te Assurances ou votre courtier nous invitera \u00e0 formaliser votre m\u00e9contentement au moyen d\u2019une r\u00e9clamation \u00e9crite aux coordonn\u00e9es pr\u00e9cis\u00e9es ci-dessous.<\/p>\n<h3 class=\"text-color-primary\"><strong>Vous n\u2019\u00eates pas satisfait par la r\u00e9ponse apport\u00e9e par votre conseiller ?<\/strong><\/h3>\n<p>Vous pouvez vous adresser au Service R\u00e9clamations de Plan\u00e8te Assurances :<\/p>\n<p><strong>Plan\u00e8te Assurances \u2013 Service Qualit\u00e9<\/strong><br \/>\n153 rue de Guise CS60688<br \/>\n02315 SAINT QUENTIN<br \/>\nE-mail : Reclamation_netvox@assurone-group.com<\/p>\n<p>Vous pouvez \u00e9galement adresser votre r\u00e9clamation via le formulaire de contact de notre site internet : https:\/\/www.netvox-assurances.fr\/nous-contacter\/ .<br \/>\nUn accus\u00e9 r\u00e9ception vous sera adress\u00e9 dans un d\u00e9lai maximal de dix jours ouvrables \u00e0 compter de l\u2019envoi de votre demande. L\u2019accus\u00e9 de r\u00e9ception ne sera toutefois pas n\u00e9cessaire si une r\u00e9ponse d\u00e9finitive vous est apport\u00e9e par \u00e9crit dans ce d\u00e9lai de dix jours.<\/p>\n<p>Nous nous engageons \u00e0 appliquer des d\u00e9lais de r\u00e9ponse coh\u00e9rents avec l\u2019objet du m\u00e9contentement exprim\u00e9 et la complexit\u00e9 de la demande et \u00e0 vous apporter une r\u00e9ponse d\u00e9finitive au plus tard dans un d\u00e9lai de deux mois \u00e0 compter de l\u2019envoi de la premi\u00e8re manifestation \u00e9crite.<\/p>\n<h3 class=\"text-color-primary\">Le service r\u00e9clamation ne r\u00e9pond pas \u00e0 vos attentes ?<\/h3>\n<p>Si un d\u00e9saccord subsiste dans les deux mois suivant l\u2019envoi de votre premi\u00e8re r\u00e9clamation \u00e9crite, quel que soit l\u2019interlocuteur ou le service aupr\u00e8s duquel elle a \u00e9t\u00e9 formul\u00e9e et qu\u2019il y ait \u00e9t\u00e9 ou non r\u00e9pondu, vous avez la possibilit\u00e9 de vous adresser au M\u00e9diateur de l\u2019assurance (P\u00f4le CSCA) en effectuant une demande par \u00e9crit aux coordonn\u00e9es suivantes :<\/p>\n<p><strong>La M\u00e9diation de l\u2019Assurance \u2013 P\u00f4le CSCA<\/strong><br \/>\nTSA 50110<br \/>\n75441 Paris cedex 09<br \/>\nE-mail : Le.mediateur@mediationassurance.org<\/p>\n<p>Ou directement en ligne sur leur site internet : <a href=\"https:\/\/www.mediation-assurance.org\/\" target=\"_blank\" rel=\"noopener\">https:\/\/www.mediation-assurance.org\/<\/a><\/p>\n<p>La saisine du m\u00e9diateur interrompt la prescription. Le m\u00e9diateur rend un avis dans un d\u00e9lai de 3 mois maximum \u00e0 compter de la r\u00e9ception d\u2019un dossier complet. Ce d\u00e9lai peut \u00eatre prorog\u00e9 en cas de litiges complexes.<\/p>\n<p><strong>En cas de persistance du d\u00e9saccord<\/strong>, le recours devant les tribunaux reste possible. Vous pouvez saisir les juridictions comp\u00e9tentes du dossier et mener toutes autres actions l\u00e9gales.<\/p>\n<p>Par ailleurs, Plan\u00e8te Assurances agissant en qualit\u00e9 de d\u00e9l\u00e9gataire de gestion pour le compte de votre assureur, dans l\u2019hypoth\u00e8se o\u00f9 vous ne seriez pas satisfait de notre r\u00e9ponse, vous pouvez adresser votre r\u00e9clamation relative \u00e0 l\u2019application de votre contrat d\u2019assurances directement \u00e0 votre assureur, et si aucune solution n\u2019\u00e9tait trouv\u00e9e, \u00e0 son m\u00e9diateur. Les coordonn\u00e9es de ces derniers figurent dans dans les Conditions G\u00e9n\u00e9rales ou Conditions particuli\u00e8res de votre contrat d\u2019assurance.<\/p>\n<p>Dans tous les cas, vous avez \u00e9galement la possibilit\u00e9 de contacter l\u2019Autorit\u00e9 de Contr\u00f4le Prudentiel et de R\u00e9solution \u00e0 l\u2019adresse suivante : 4, place de Budapest \u2013 CS.92459 \u2013 75436 Paris Cedex 09.[\/vc_column_text][sgnx_spacer spacer_size=\u00a0\u00bbsgnx-spacer&#8211;lg\u00a0\u00bb][\/vc_column][\/vc_row]<\/p>\n","protected":false},"excerpt":{"rendered":"<p>[vc_row full_width=\u00a0\u00bbstretch_row\u00a0\u00bb custom_svg_color=\u00a0\u00bb#ffffff\u00a0\u00bb el_class=\u00a0\u00bbsgnx-page-header\u00a0\u00bb css=\u00a0\u00bb.vc_custom_1604589210698{background-image: url(http:\/\/www.datastore-3.com\/netvox-courtier-2\/wp-content\/uploads\/2020\/09\/header-contact.jpg?id=387) !important;background-position: center !important;background-repeat: no-repeat !important;background-size: cover !important;}\u00a0\u00bb][vc_column][vc_custom_heading source=\u00a0\u00bbpost_title\u00a0\u00bb font_container=\u00a0\u00bbtag:h1|text_align:left|color:%23ffffff\u00a0\u00bb use_theme_fonts=\u00a0\u00bbyes\u00a0\u00bb el_class=\u00a0\u00bbsgnx-ttu\u00a0\u00bb][\/vc_column][\/vc_row][vc_row full_width=\u00a0\u00bbstretch_row\u00a0\u00bb custom_svg_color=\u00a0\u00bb#efefef\u00a0\u00bb][vc_column][sgnx_breadcrumb el_class=\u00a0\u00bbsgnx-breadcrumb-mneg\u00a0\u00bb][sgnx_spacer spacer_size=\u00a0\u00bbsgnx-spacer&#8211;md\u00a0\u00bb][vc_column_text] Vous souhaitez faire une r\u00e9clamation ? Voici la marche \u00e0 suivre\u2026 Vous avez une question relative \u00e0 votre contrat ? Contactez le Service Production Souscription : T\u00e9l. : 01 76 29 76 30 Du [&hellip;]<\/p>\n","protected":false},"author":1,"featured_media":0,"parent":0,"menu_order":0,"comment_status":"closed","ping_status":"closed","template":"","meta":[],"yoast_head":"<!-- This site is optimized with the Yoast SEO plugin v16.2 - https:\/\/yoast.com\/wordpress\/plugins\/seo\/ -->\n<title>R\u00e9clamations - Netvox - Courtier 2<\/title>\n<meta name=\"robots\" content=\"index, follow, max-snippet:-1, max-image-preview:large, max-video-preview:-1\" \/>\n<link rel=\"canonical\" href=\"http:\/\/www.datastore-3.com\/netvox-courtier-2\/reclamations\/\" \/>\n<meta property=\"og:locale\" content=\"fr_FR\" \/>\n<meta property=\"og:type\" content=\"article\" \/>\n<meta property=\"og:title\" content=\"R\u00e9clamations - Netvox - Courtier 2\" \/>\n<meta property=\"og:description\" content=\"[vc_row full_width=\u00a0\u00bbstretch_row\u00a0\u00bb custom_svg_color=\u00a0\u00bb#ffffff\u00a0\u00bb el_class=\u00a0\u00bbsgnx-page-header\u00a0\u00bb css=\u00a0\u00bb.vc_custom_1604589210698{background-image: url(http:\/\/www.datastore-3.com\/netvox-courtier-2\/wp-content\/uploads\/2020\/09\/header-contact.jpg?id=387) !important;background-position: center !important;background-repeat: no-repeat !important;background-size: cover !important;}\u00a0\u00bb][vc_column][vc_custom_heading source=\u00a0\u00bbpost_title\u00a0\u00bb font_container=\u00a0\u00bbtag:h1|text_align:left|color:%23ffffff\u00a0\u00bb use_theme_fonts=\u00a0\u00bbyes\u00a0\u00bb el_class=\u00a0\u00bbsgnx-ttu\u00a0\u00bb][\/vc_column][\/vc_row][vc_row full_width=\u00a0\u00bbstretch_row\u00a0\u00bb custom_svg_color=\u00a0\u00bb#efefef\u00a0\u00bb][vc_column][sgnx_breadcrumb el_class=\u00a0\u00bbsgnx-breadcrumb-mneg\u00a0\u00bb][sgnx_spacer spacer_size=\u00a0\u00bbsgnx-spacer&#8211;md\u00a0\u00bb][vc_column_text] Vous souhaitez faire une r\u00e9clamation ? Voici la marche \u00e0 suivre\u2026 Vous avez une question relative \u00e0 votre contrat ? Contactez le Service Production Souscription : T\u00e9l. : 01 76 29 76 30 Du [&hellip;]\" \/>\n<meta property=\"og:url\" content=\"http:\/\/www.datastore-3.com\/netvox-courtier-2\/reclamations\/\" \/>\n<meta property=\"og:site_name\" content=\"Netvox - Courtier 2\" \/>\n<meta property=\"article:modified_time\" content=\"2023-03-07T13:17:46+00:00\" \/>\n<meta name=\"twitter:card\" content=\"summary_large_image\" \/>\n<meta name=\"twitter:label1\" content=\"Dur\u00e9e de lecture est.\">\n\t<meta name=\"twitter:data1\" content=\"3 minutes\">\n<script type=\"application\/ld+json\" class=\"yoast-schema-graph\">{\"@context\":\"https:\/\/schema.org\",\"@graph\":[{\"@type\":\"WebSite\",\"@id\":\"http:\/\/www.datastore-3.com\/netvox-courtier-2\/#website\",\"url\":\"http:\/\/www.datastore-3.com\/netvox-courtier-2\/\",\"name\":\"Netvox - Courtier 2\",\"description\":\"Site courtier : template 2\",\"potentialAction\":[{\"@type\":\"SearchAction\",\"target\":\"http:\/\/www.datastore-3.com\/netvox-courtier-2\/?s={search_term_string}\",\"query-input\":\"required name=search_term_string\"}],\"inLanguage\":\"fr-FR\"},{\"@type\":\"WebPage\",\"@id\":\"http:\/\/www.datastore-3.com\/netvox-courtier-2\/reclamations\/#webpage\",\"url\":\"http:\/\/www.datastore-3.com\/netvox-courtier-2\/reclamations\/\",\"name\":\"R\\u00e9clamations - Netvox - Courtier 2\",\"isPartOf\":{\"@id\":\"http:\/\/www.datastore-3.com\/netvox-courtier-2\/#website\"},\"datePublished\":\"2023-02-02T09:43:02+00:00\",\"dateModified\":\"2023-03-07T13:17:46+00:00\",\"breadcrumb\":{\"@id\":\"http:\/\/www.datastore-3.com\/netvox-courtier-2\/reclamations\/#breadcrumb\"},\"inLanguage\":\"fr-FR\",\"potentialAction\":[{\"@type\":\"ReadAction\",\"target\":[\"http:\/\/www.datastore-3.com\/netvox-courtier-2\/reclamations\/\"]}]},{\"@type\":\"BreadcrumbList\",\"@id\":\"http:\/\/www.datastore-3.com\/netvox-courtier-2\/reclamations\/#breadcrumb\",\"itemListElement\":[{\"@type\":\"ListItem\",\"position\":1,\"item\":{\"@type\":\"WebPage\",\"@id\":\"http:\/\/www.datastore-3.com\/netvox-courtier-2\/\",\"url\":\"http:\/\/www.datastore-3.com\/netvox-courtier-2\/\",\"name\":\"home\"}},{\"@type\":\"ListItem\",\"position\":2,\"item\":{\"@id\":\"http:\/\/www.datastore-3.com\/netvox-courtier-2\/reclamations\/#webpage\"}}]}]}<\/script>\n<!-- \/ Yoast SEO plugin. -->","_links":{"self":[{"href":"http:\/\/www.datastore-3.com\/netvox-courtier-2\/wp-json\/wp\/v2\/pages\/2752"}],"collection":[{"href":"http:\/\/www.datastore-3.com\/netvox-courtier-2\/wp-json\/wp\/v2\/pages"}],"about":[{"href":"http:\/\/www.datastore-3.com\/netvox-courtier-2\/wp-json\/wp\/v2\/types\/page"}],"author":[{"embeddable":true,"href":"http:\/\/www.datastore-3.com\/netvox-courtier-2\/wp-json\/wp\/v2\/users\/1"}],"replies":[{"embeddable":true,"href":"http:\/\/www.datastore-3.com\/netvox-courtier-2\/wp-json\/wp\/v2\/comments?post=2752"}],"version-history":[{"count":4,"href":"http:\/\/www.datastore-3.com\/netvox-courtier-2\/wp-json\/wp\/v2\/pages\/2752\/revisions"}],"predecessor-version":[{"id":2759,"href":"http:\/\/www.datastore-3.com\/netvox-courtier-2\/wp-json\/wp\/v2\/pages\/2752\/revisions\/2759"}],"wp:attachment":[{"href":"http:\/\/www.datastore-3.com\/netvox-courtier-2\/wp-json\/wp\/v2\/media?parent=2752"}],"curies":[{"name":"wp","href":"https:\/\/api.w.org\/{rel}","templated":true}]}}